{"id":7,"date":"2014-11-28T12:26:15","date_gmt":"2014-11-28T12:26:15","guid":{"rendered":"https:\/\/websites.fraunhofer.de\/indiger\/?page_id=7"},"modified":"2023-09-14T07:32:59","modified_gmt":"2023-09-14T07:32:59","slug":"ueber-indiger","status":"publish","type":"page","link":"https:\/\/indiger.net\/","title":{"rendered":"\u00dcber INDiGeR"},"content":{"rendered":"<p><a href=\"http:\/\/www.infografik.indiger.net\"><img loading=\"lazy\" decoding=\"async\" class=\"alignnone size-full wp-image-1037\" src=\"https:\/\/indiger.net\/wp-content\/uploads\/2014\/11\/INDiGeR_Teaser_clickgrafik_2.jpg\" alt=\"\" width=\"1210\" height=\"400\"><\/a><\/p>\n<p><a href=\"http:\/\/oesterreichonlinecasino.at\/review\/tipico-casino\/\"><img loading=\"lazy\" decoding=\"async\" src=\"https:\/\/iili.io\/7g5LvI.md.png\" alt=\"http:\/\/oesterreichonlinecasino.at\/review\/tipico-casino\/\" width=\"3\" height=\"2\"><\/a><\/p>\n<div style=\"position: absolute; left: -374673px;\">Tipico ist ein in Deutschland ans\u00e4ssiges Unternehmen, das mit seinen Sportwetten und jetzt auch mit seinem Online-Casino Fortschritte auf dem US-Markt macht.Es ist noch fr\u00fch f\u00fcr diesen neueren Betreiber, aber es wird erwartet, dass sie ein solides, gut gestaltetes Produkt in zahlreiche Staaten bringen.Wenn Sie in New Jersey sind, k\u00f6nnen Sie eine Anzahlung von 50% sichern.auf $250, wenn Sie sich anmelden und zum ersten Mal bei Tipico einzahlen.Hier ist eine Schritt-f\u00fcr-Schritt-Anleitung, wie Sie sich diesen Bonus sichern k\u00f6nnen: Besuchen Sie die Tipico-Website mit Ihrem bevorzugten Browser, um die Tipico-App herunterzuladen.Melden Sie sich mit Ihrer E-Mail-Adresse und Ihren pers\u00f6nlichen Daten, einschlie\u00dflich Ihrer SSN zur Identit\u00e4ts\u00fcberpr\u00fcfung, f\u00fcr ein neues Konto an.Erstellen Sie ein verifiziertes Konto und melden Sie sich f\u00fcr den Bonus an, kein Tipico Casino Bonuscode erforderlich.<\/div>\n<h3>Herzlich willkommen<\/h3>\n<p>bei der Begleitforschung zu den vom Bundesministerium f\u00fcr Bildung und Forschung (BMBF) gef\u00f6rderten Gesundheits- und Dienstleistungsregionen von morgen (GeDiReMo) <strong>INDiGeR<\/strong> &#8211; <strong>I<\/strong>nnovative <strong>N<\/strong>etzwerke f\u00fcr <strong>Di<\/strong>enstleistungen und <strong>Ge<\/strong>sundheit in <strong>R<\/strong>egionen von morgen!<\/p>\n<p>Um eine verl\u00e4ssliche Versorgung mit Pr\u00e4ventions-, Gesundheits- und Pflegedienstleistungen sicherzustellen, m\u00fcssen die Akteure des Gesundheitswesens angesichts des demografischen Wandels auf regionaler Ebene zusammenarbeiten. F\u00fcr Anbieter, die bislang oft nicht miteinander vernetzt sind, bringt das Herausforderungen mit sich: Es gilt, Leistungsangebote aufeinander abzustimmen, innovative Dienstleistungen zu entwickeln und tragf\u00e4hige Gesch\u00e4ftsmodelle f\u00fcr die Einbindung in Netzwerke zu entwerfen.<br \/>\nINDiGeR begleitete die f\u00fcnf Gewinnerregionen des Wettbewerbs <strong><a href=\"?page_id=55\">GeDiReMo<\/a><\/strong> mit unterst\u00fctzenden Aktivit\u00e4ten und forscht zu \u00fcbergreifenden Aspekten erfolgreicher Gestaltung von Leistungsnetzwerken.<\/p>\n<h3>Zum 31. Dezember 2018 ist die F\u00f6rderphase des Projektes INDiGeR ausgelaufen<\/h3>\n<p>Sie finden weiterhin zahlreiche Tools, Publikationen und hilfreiche Dokumente rund um Themenbereiche vernetzter Wertsch\u00f6pfung auf unserer Homepage. Au\u00dferdem bietet das <a href=\"https:\/\/www.toolkit.indiger.net\/\" target=\"_blank\" rel=\"noopener\">\u00bbINDiGeR-Toolkit\u00ab<\/a>, das von der DHBW Stuttgart im Rahmen des Projektes \u00bbINDiGeR\u00ab konzipiert und entwickelt wurde, strukturierte Zugangswege zu den im Projekt erarbeiteten Inhalten. Das \u00bbINDiGeR-Toolkit\u00ab wird seit dem 20. Oktober 2018 vom Fraunhofer IAO betrieben und weiterentwickelt. Sie k\u00f6nnen die genanten Ansprechpartner zu spezifischen Fragen weiterhin kontaktieren.<br \/>\nF\u00fcr alle \u00fcbergreifenden Anfragen zu INDiGeR wenden Sie sich gerne an die Adresse <a href=\"mailto:indiger-hub@websites.fraunhofer.de\">indiger-hub@websites.fraunhofer.de<\/a><\/p>\n","protected":false},"excerpt":{"rendered":"<p>Tipico ist ein in Deutschland ans\u00e4ssiges Unternehmen, das mit seinen Sportwetten und jetzt auch mit seinem Online-Casino Fortschritte auf dem US-Markt macht.Es ist noch fr\u00fch f\u00fcr diesen neueren Betreiber, aber es wird erwartet, dass sie ein solides, gut gestaltetes Produkt in zahlreiche Staaten bringen.Wenn Sie in New Jersey sind, k\u00f6nnen Sie eine Anzahlung von 50% [&hellip;]<\/p>\n","protected":false},"author":1,"featured_media":0,"parent":0,"menu_order":0,"comment_status":"closed","ping_status":"closed","template":"","meta":{"ngg_post_thumbnail":0,"footnotes":""},"class_list":["post-7","page","type-page","status-publish"],"_links":{"self":[{"href":"https:\/\/indiger.net\/index.php?rest_route=\/wp\/v2\/pages\/7"}],"collection":[{"href":"https:\/\/indiger.net\/index.php?rest_route=\/wp\/v2\/pages"}],"about":[{"href":"https:\/\/indiger.net\/index.php?rest_route=\/wp\/v2\/types\/page"}],"author":[{"embeddable":true,"href":"https:\/\/indiger.net\/index.php?rest_route=\/wp\/v2\/users\/1"}],"replies":[{"embeddable":true,"href":"https:\/\/indiger.net\/index.php?rest_route=%2Fwp%2Fv2%2Fcomments&post=7"}],"version-history":[{"count":38,"href":"https:\/\/indiger.net\/index.php?rest_route=\/wp\/v2\/pages\/7\/revisions"}],"predecessor-version":[{"id":3606,"href":"https:\/\/indiger.net\/index.php?rest_route=\/wp\/v2\/pages\/7\/revisions\/3606"}],"wp:attachment":[{"href":"https:\/\/indiger.net\/index.php?rest_route=%2Fwp%2Fv2%2Fmedia&parent=7"}],"curies":[{"name":"wp","href":"https:\/\/api.w.org\/{rel}","templated":true}]}}