{"id":66,"date":"2014-11-30T15:09:35","date_gmt":"2014-11-30T15:09:35","guid":{"rendered":"https:\/\/websites.fraunhofer.de\/indiger\/?page_id=66"},"modified":"2023-09-14T07:34:10","modified_gmt":"2023-09-14T07:34:10","slug":"foerderung","status":"publish","type":"page","link":"https:\/\/indiger.net\/?page_id=66","title":{"rendered":"F\u00f6rderung"},"content":{"rendered":"<table border=\"0\">\n<tbody>\n<tr>\n<td><a href=\"http:\/\/www.bmbf.de\"><img loading=\"lazy\" decoding=\"async\" class=\"alignnone size-medium wp-image-935\" src=\"https:\/\/indiger.net\/wp-content\/uploads\/2018\/02\/BMBF_FARBE_gefoerdert_vom_dt_L-300x206.jpg\" alt=\"BMBF\" width=\"300\" height=\"226\"><\/a><\/td>\n<td><a href=\"http:\/\/www.hightech-strategie.de\"><img loading=\"lazy\" decoding=\"async\" class=\"alignnone size-full wp-image-936\" src=\"https:\/\/indiger.net\/wp-content\/uploads\/2014\/11\/logo_die_neue_hightech-strategie.png\" alt=\"Die neue Hightech-Strategie\" width=\"200\" height=\"100\"><\/a>&nbsp;<\/td>\n<td><a href=\"http:\/\/www.produktionsforschung.de\"><img loading=\"lazy\" decoding=\"async\" class=\"alignnone size-medium wp-image-937\" src=\"https:\/\/indiger.net\/wp-content\/uploads\/2014\/11\/PTKA-Wb-Marke_BETREUT-VOM_dt-2011-RGB-gross-300x156.jpg\" alt=\"PTKA\" width=\"300\" height=\"156\" srcset=\"https:\/\/indiger.net\/wp-content\/uploads\/2014\/11\/PTKA-Wb-Marke_BETREUT-VOM_dt-2011-RGB-gross-300x156.jpg 300w, https:\/\/indiger.net\/wp-content\/uploads\/2014\/11\/PTKA-Wb-Marke_BETREUT-VOM_dt-2011-RGB-gross-768x401.jpg 768w, https:\/\/indiger.net\/wp-content\/uploads\/2014\/11\/PTKA-Wb-Marke_BETREUT-VOM_dt-2011-RGB-gross-1024x534.jpg 1024w\" sizes=\"(max-width: 300px) 100vw, 300px\" \/><\/a>&nbsp;<\/td>\n<\/tr>\n<\/tbody>\n<\/table>\n<p>Das Projekt &#8220;INDiGeR &#8211; Innovative Netzwerke f\u00fcr Dienstleistungen und Gesundheit in Regionen von Morgen&#8221; wurde vom <strong>Bundesministerium f\u00fcr Bildung und Forschung, BMBF<\/strong> gef\u00f6rdert und vom <strong>Projekttr\u00e4ger Karlsruhe unter den F\u00f6rderkennzeichen 02K12B000 &#8211; 02K12B004<\/strong>&nbsp;betreut.<\/p>\n","protected":false},"excerpt":{"rendered":"<p>&nbsp; &nbsp; Das Projekt &#8220;INDiGeR &#8211; Innovative Netzwerke f\u00fcr Dienstleistungen und Gesundheit in Regionen von Morgen&#8221; wurde vom Bundesministerium f\u00fcr Bildung und Forschung, BMBF gef\u00f6rdert und vom Projekttr\u00e4ger Karlsruhe unter den F\u00f6rderkennzeichen 02K12B000 &#8211; 02K12B004&nbsp;betreut.<\/p>\n","protected":false},"author":1,"featured_media":0,"parent":0,"menu_order":0,"comment_status":"closed","ping_status":"closed","template":"","meta":{"ngg_post_thumbnail":0,"footnotes":""},"class_list":["post-66","page","type-page","status-publish"],"_links":{"self":[{"href":"https:\/\/indiger.net\/index.php?rest_route=\/wp\/v2\/pages\/66"}],"collection":[{"href":"https:\/\/indiger.net\/index.php?rest_route=\/wp\/v2\/pages"}],"about":[{"href":"https:\/\/indiger.net\/index.php?rest_route=\/wp\/v2\/types\/page"}],"author":[{"embeddable":true,"href":"https:\/\/indiger.net\/index.php?rest_route=\/wp\/v2\/users\/1"}],"replies":[{"embeddable":true,"href":"https:\/\/indiger.net\/index.php?rest_route=%2Fwp%2Fv2%2Fcomments&post=66"}],"version-history":[{"count":10,"href":"https:\/\/indiger.net\/index.php?rest_route=\/wp\/v2\/pages\/66\/revisions"}],"predecessor-version":[{"id":3607,"href":"https:\/\/indiger.net\/index.php?rest_route=\/wp\/v2\/pages\/66\/revisions\/3607"}],"wp:attachment":[{"href":"https:\/\/indiger.net\/index.php?rest_route=%2Fwp%2Fv2%2Fmedia&parent=66"}],"curies":[{"name":"wp","href":"https:\/\/api.w.org\/{rel}","templated":true}]}}