{"id":626,"date":"2016-03-23T05:14:02","date_gmt":"2016-03-23T05:14:02","guid":{"rendered":"https:\/\/websites.fraunhofer.de\/indiger\/?page_id=626"},"modified":"2016-05-03T08:04:10","modified_gmt":"2016-05-03T08:04:10","slug":"personen-auf-innovationspotenziale-personennaher-dienstleistungen","status":"publish","type":"page","link":"https:\/\/indiger.net\/?page_id=626","title":{"rendered":"Austausch, Vernetzung, Agenda-Setting am 28. und 29. April 2016 in Berlin"},"content":{"rendered":"<p>Welche Dienstleistungen am, um und f\u00fcr Menschen wollen wir uns in Zukunft leisten? Welche k\u00f6nnen wir uns leisten? Wo sind Chancen f\u00fcr neue Angebote, wo Schmerzgrenzen und Hindernisse des Technologieeinsatzes? Was m\u00fcssen wir wissen, um Digitalisierung personennah zu gestalten?<\/p>\n<p>Mit ihren F\u00f6rderprogrammen will die Politik Forschung und Entwicklung zu den Themen f\u00f6rdern, die uns alle bewegen. Mischen Sie sich ein! Vertreten Sie Ihre Interessen, verschaffen Sie Ihren Positionen Geh\u00f6r, skizzieren Sie mit anderen Vordenkerinnen und Vordenkern Herausforderungen und L\u00f6sungswege innovativer Dienstleistungen.<\/p>\n<p>Das Fraunhofer IAO hat in Kooperation mit dem Bundesministerium f\u00fcr Bildung und Forschung am 28. und 29. April 2016 in Berlin die Tagung \u00bbInnovationspotenziale  personennaher Dienstleistungen\u00ab  veranstaltet.<\/p>\n<h3>Das Programm <a href=\"https:\/\/indiger.net\/?page_id=549\">im \u00dcberblick<\/a> und als <a href=\"https:\/\/indiger.net\/wp-content\/uploads\/2015\/11\/Innovationen_personennahe_DL_20160428-29.pdf\"rel=\"\">PDF<\/a><\/h3>\n<table>\n<tbody>\n<tr>\n<td colspan=\"3\">\n<h3>Die Keynotes und der Moderator am 28. April in Berlin:<\/h3>\n<\/td>\n<\/tr>\n<tr valign=\"top\">\n<td width=\"33%&quot;\">Prof. Dr. Kathrin <strong>M\u00f6slein<\/strong><br \/>FAU Erlangen-N\u00fcrnberg &#038;<br \/>HHL Leipzig GSM<\/p>\n<p><a href=\"https:\/\/indiger.net\/?page_id=553\"><img loading=\"lazy\" decoding=\"async\" class=\"alignnone wp-image-556 size-thumbnail\" src=\"https:\/\/indiger.net\/wp-content\/uploads\/2016\/03\/M\u00f6slein_177-150x150.jpg\" alt=\"Prof. Dr. M. M\u00f6slein\" width=\"150\" height=\"150\" \/><\/a><\/td>\n<td width=\"33%&quot;\">Antje <strong>von Loeper<\/strong><br \/>Business Development<br \/>innosabi GmbH<\/p>\n<p><a href=\"https:\/\/indiger.net\/?page_id=558\"><img loading=\"lazy\" decoding=\"async\" class=\"alignnone wp-image-559 size-thumbnail\" src=\"https:\/\/indiger.net\/wp-content\/uploads\/2016\/03\/innosabi_antje-von-loeper-150x150.jpg\" alt=\"Antje von Loeper\" width=\"150\" height=\"150\" \/><\/a><\/td>\n<td width=\"33%&quot;\">Dr. Carl <strong>Naughton<\/strong><br \/>braincheck<br \/>Moderation<\/p>\n<p> <\/p>\n<p><a href=\"https:\/\/indiger.net\/?page_id=621\"><img loading=\"lazy\" decoding=\"async\" class=\"alignnone wp-image-622 size-thumbnail\" src=\"https:\/\/indiger.net\/wp-content\/uploads\/2016\/03\/Carl_Naughton-150x150.jpg\" alt=\"Dr. Carl Naughton\" width=\"150\" height=\"150\" \/><\/a><\/td>\n<\/tr>\n<tr valign=\"top\">\n<td colspan=\"3\">\n<h3>Die Teilnehmenden des Podiums, die vernetzt mit \u00bbnextmoderator\u00ab diskutierten:<\/h3>\n<\/td>\n<\/tr>\n<tr>\n<td width=\"33%&quot;\">Antje <strong>Hinz<\/strong><br \/>Silberfuchs-Verlag &amp; <br \/>MassivKreativ.de<\/p>\n<p><a href=\"https:\/\/indiger.net\/?page_id=565\"><img loading=\"lazy\" decoding=\"async\" class=\"alignnone wp-image-566 size-thumbnail\" src=\"https:\/\/indiger.net\/wp-content\/uploads\/2016\/03\/ANTJE_Hinz-150x150.jpg\" alt=\"Antje Hinz\" width=\"150\" height=\"150\" \/><\/a><\/td>\n<td width=\"33%&quot;\">Stephan <strong>Krug<\/strong><br \/>Gesch\u00e4ftsf\u00fchrer<br \/>Vamos Eltern-Kind-Reisen<\/p>\n<p><a href=\"https:\/\/indiger.net\/?page_id=571\"><img loading=\"lazy\" decoding=\"async\" class=\"alignleft wp-image-572 size-thumbnail\" src=\"https:\/\/indiger.net\/wp-content\/uploads\/2016\/03\/Stephan_Krug-150x150.jpg\" alt=\"Stephan Krug\" width=\"150\" height=\"150\" \/><\/a><\/td>\n<td width=\"33%&quot;\">Prof. Dr. Thomas <strong>Meyer<\/strong><br \/>Charit\u00e9 Universit\u00e4tsmedizin Berlin und<br \/>AmbulanzPartner<a href=\"https:\/\/indiger.net\/?page_id=577\"><img loading=\"lazy\" decoding=\"async\" class=\"alignleft wp-image-352 size-thumbnail\" src=\"https:\/\/indiger.net\/wp-content\/uploads\/2015\/08\/TM-150x150.jpg\" alt=\"Prof. Dr. Thomas Meyer\" width=\"150\" height=\"150\" srcset=\"https:\/\/indiger.net\/wp-content\/uploads\/2015\/08\/TM-150x150.jpg 150w, https:\/\/indiger.net\/wp-content\/uploads\/2015\/08\/TM-500x500.jpg 500w\" sizes=\"(max-width: 150px) 100vw, 150px\" \/><\/a><\/td>\n<\/tr>\n<tr valign=\"top\">\n<td width=\"33%&quot;\">Michael <strong>Tillner<\/strong><br \/>Gesch\u00e4ftsf\u00fchrer<br \/>Friedrich Zufall GmbH &amp; Co. KG<\/p>\n<p><a href=\"https:\/\/indiger.net\/?page_id=582\"><img loading=\"lazy\" decoding=\"async\" class=\"alignleft wp-image-583 size-thumbnail\" src=\"https:\/\/indiger.net\/wp-content\/uploads\/2016\/03\/Michael_Tillner-150x150.jpg\" alt=\"Michael Tillner\" width=\"150\" height=\"150\" \/><\/a><\/td>\n<td width=\"33%&quot;\">Stefan <strong>Tobel<\/strong><br \/>Head of Shop<br \/>ABOUT YOU GmbH<\/p>\n<p><a href=\"https:\/\/indiger.net\/?page_id=586\"><img loading=\"lazy\" decoding=\"async\" class=\"alignleft wp-image-587 size-thumbnail\" src=\"https:\/\/indiger.net\/wp-content\/uploads\/2016\/03\/Tobel-150x150.jpg\" alt=\"Stefan Tobel\" width=\"150\" height=\"150\" \/><\/a><\/td>\n<td width=\"33%&quot;\">Frank <strong>Schomburg<\/strong><br \/>Gesch\u00e4ftsf\u00fchrer<br \/>nextpractice GmbH<\/p>\n<p><a href=\"https:\/\/indiger.net\/?page_id=614\"><img loading=\"lazy\" decoding=\"async\" class=\"alignleft wp-image-615 size-thumbnail\" src=\"https:\/\/indiger.net\/wp-content\/uploads\/2016\/03\/Frank_Schomburg-150x150.jpg\" alt=\"Frank Schomburg\" width=\"150\" height=\"150\" srcset=\"https:\/\/indiger.net\/wp-content\/uploads\/2016\/03\/Frank_Schomburg-150x150.jpg 150w, https:\/\/indiger.net\/wp-content\/uploads\/2016\/03\/Frank_Schomburg-300x300.jpg 300w, https:\/\/indiger.net\/wp-content\/uploads\/2016\/03\/Frank_Schomburg.jpg 640w\" sizes=\"(max-width: 150px) 100vw, 150px\" \/><\/a><\/td>\n<\/tr>\n<\/tbody>\n<\/table>\n","protected":false},"excerpt":{"rendered":"<p>Welche Dienstleistungen am, um und f\u00fcr Menschen wollen wir uns in Zukunft leisten? Welche k\u00f6nnen wir uns leisten? Wo sind Chancen f\u00fcr neue Angebote, wo Schmerzgrenzen und Hindernisse des Technologieeinsatzes? Was m\u00fcssen wir wissen, um Digitalisierung personennah zu gestalten? Mit ihren F\u00f6rderprogrammen will die Politik Forschung und Entwicklung zu den Themen f\u00f6rdern, die uns alle [&hellip;]<\/p>\n","protected":false},"author":1,"featured_media":0,"parent":549,"menu_order":9,"comment_status":"closed","ping_status":"closed","template":"","meta":{"ngg_post_thumbnail":0,"footnotes":""},"class_list":["post-626","page","type-page","status-publish"],"_links":{"self":[{"href":"https:\/\/indiger.net\/index.php?rest_route=\/wp\/v2\/pages\/626"}],"collection":[{"href":"https:\/\/indiger.net\/index.php?rest_route=\/wp\/v2\/pages"}],"about":[{"href":"https:\/\/indiger.net\/index.php?rest_route=\/wp\/v2\/types\/page"}],"author":[{"embeddable":true,"href":"https:\/\/indiger.net\/index.php?rest_route=\/wp\/v2\/users\/1"}],"replies":[{"embeddable":true,"href":"https:\/\/indiger.net\/index.php?rest_route=%2Fwp%2Fv2%2Fcomments&post=626"}],"version-history":[{"count":27,"href":"https:\/\/indiger.net\/index.php?rest_route=\/wp\/v2\/pages\/626\/revisions"}],"predecessor-version":[{"id":876,"href":"https:\/\/indiger.net\/index.php?rest_route=\/wp\/v2\/pages\/626\/revisions\/876"}],"up":[{"embeddable":true,"href":"https:\/\/indiger.net\/index.php?rest_route=\/wp\/v2\/pages\/549"}],"wp:attachment":[{"href":"https:\/\/indiger.net\/index.php?rest_route=%2Fwp%2Fv2%2Fmedia&parent=626"}],"curies":[{"name":"wp","href":"https:\/\/api.w.org\/{rel}","templated":true}]}}

<p>Welche Dienstleistungen am, um und für Menschen wollen wir uns in Zukunft leisten? Welche können wir uns leisten? Wo sind Chancen für neue Angebote, wo Schmerzgrenzen und Hindernisse des Technologieeinsatzes? Was müssen wir wissen, um Digitalisierung personennah zu gestalten?</p>
<p>Mit ihren Förderprogrammen will die Politik Forschung und Entwicklung zu den Themen fördern, die uns alle bewegen. Mischen Sie sich ein! Vertreten Sie Ihre Interessen, verschaffen Sie Ihren Positionen Gehör, skizzieren Sie mit anderen Vordenkerinnen und Vordenkern Herausforderungen und Lösungswege innovativer Dienstleistungen.</p>
<p>Das Fraunhofer IAO hat in Kooperation mit dem Bundesministerium für Bildung und Forschung am 28. und 29. April 2016 in Berlin die Tagung »Innovationspotenziale  personennaher Dienstleistungen«  veranstaltet.</p>
<h3>Das Programm <a href="https://indiger.net/?page_id=549">im Überblick</a> und als <a href="https://indiger.net/wp-content/uploads/2015/11/Innovationen_personennahe_DL_20160428-29.pdf"rel="">PDF</a></h3>
<table>
<tbody>
<tr>
<td colspan="3">
<h3>Die Keynotes und der Moderator am 28. April in Berlin:</h3>
</td>
</tr>
<tr valign="top">
<td width="33%&quot;">Prof. Dr. Kathrin <strong>Möslein</strong><br />FAU Erlangen-Nürnberg &#038;<br />HHL Leipzig GSM</p>
<p><a href="https://indiger.net/?page_id=553"><img loading="lazy" decoding="async" class="alignnone wp-image-556 size-thumbnail" src="https://indiger.net/wp-content/uploads/2016/03/Möslein_177-150x150.jpg" alt="Prof. Dr. M. Möslein" width="150" height="150" /></a></td>
<td width="33%&quot;">Antje <strong>von Loeper</strong><br />Business Development<br />innosabi GmbH</p>
<p><a href="https://indiger.net/?page_id=558"><img loading="lazy" decoding="async" class="alignnone wp-image-559 size-thumbnail" src="https://indiger.net/wp-content/uploads/2016/03/innosabi_antje-von-loeper-150x150.jpg" alt="Antje von Loeper" width="150" height="150" /></a></td>
<td width="33%&quot;">Dr. Carl <strong>Naughton</strong><br />braincheck<br />Moderation</p>
<p> </p>
<p><a href="https://indiger.net/?page_id=621"><img loading="lazy" decoding="async" class="alignnone wp-image-622 size-thumbnail" src="https://indiger.net/wp-content/uploads/2016/03/Carl_Naughton-150x150.jpg" alt="Dr. Carl Naughton" width="150" height="150" /></a></td>
</tr>
<tr valign="top">
<td colspan="3">
<h3>Die Teilnehmenden des Podiums, die vernetzt mit »nextmoderator« diskutierten:</h3>
</td>
</tr>
<tr>
<td width="33%&quot;">Antje <strong>Hinz</strong><br />Silberfuchs-Verlag &amp; <br />MassivKreativ.de</p>
<p><a href="https://indiger.net/?page_id=565"><img loading="lazy" decoding="async" class="alignnone wp-image-566 size-thumbnail" src="https://indiger.net/wp-content/uploads/2016/03/ANTJE_Hinz-150x150.jpg" alt="Antje Hinz" width="150" height="150" /></a></td>
<td width="33%&quot;">Stephan <strong>Krug</strong><br />Geschäftsführer<br />Vamos Eltern-Kind-Reisen</p>
<p><a href="https://indiger.net/?page_id=571"><img loading="lazy" decoding="async" class="alignleft wp-image-572 size-thumbnail" src="https://indiger.net/wp-content/uploads/2016/03/Stephan_Krug-150x150.jpg" alt="Stephan Krug" width="150" height="150" /></a></td>
<td width="33%&quot;">Prof. Dr. Thomas <strong>Meyer</strong><br />Charité Universitätsmedizin Berlin und<br />AmbulanzPartner<a href="https://indiger.net/?page_id=577"><img loading="lazy" decoding="async" class="alignleft wp-image-352 size-thumbnail" src="https://indiger.net/wp-content/uploads/2015/08/TM-150x150.jpg" alt="Prof. Dr. Thomas Meyer" width="150" height="150" srcset="https://indiger.net/wp-content/uploads/2015/08/TM-150x150.jpg 150w, https://indiger.net/wp-content/uploads/2015/08/TM-500x500.jpg 500w" sizes="(max-width: 150px) 100vw, 150px" /></a></td>
</tr>
<tr valign="top">
<td width="33%&quot;">Michael <strong>Tillner</strong><br />Geschäftsführer<br />Friedrich Zufall GmbH &amp; Co. KG</p>
<p><a href="https://indiger.net/?page_id=582"><img loading="lazy" decoding="async" class="alignleft wp-image-583 size-thumbnail" src="https://indiger.net/wp-content/uploads/2016/03/Michael_Tillner-150x150.jpg" alt="Michael Tillner" width="150" height="150" /></a></td>
<td width="33%&quot;">Stefan <strong>Tobel</strong><br />Head of Shop<br />ABOUT YOU GmbH</p>
<p><a href="https://indiger.net/?page_id=586"><img loading="lazy" decoding="async" class="alignleft wp-image-587 size-thumbnail" src="https://indiger.net/wp-content/uploads/2016/03/Tobel-150x150.jpg" alt="Stefan Tobel" width="150" height="150" /></a></td>
<td width="33%&quot;">Frank <strong>Schomburg</strong><br />Geschäftsführer<br />nextpractice GmbH</p>
<p><a href="https://indiger.net/?page_id=614"><img loading="lazy" decoding="async" class="alignleft wp-image-615 size-thumbnail" src="https://indiger.net/wp-content/uploads/2016/03/Frank_Schomburg-150x150.jpg" alt="Frank Schomburg" width="150" height="150" srcset="https://indiger.net/wp-content/uploads/2016/03/Frank_Schomburg-150x150.jpg 150w, https://indiger.net/wp-content/uploads/2016/03/Frank_Schomburg-300x300.jpg 300w, https://indiger.net/wp-content/uploads/2016/03/Frank_Schomburg.jpg 640w" sizes="(max-width: 150px) 100vw, 150px" /></a></td>
</tr>
</tbody>
</table>

<p>Welche Dienstleistungen am, um und für Menschen wollen wir uns in Zukunft leisten? Welche können wir uns leisten? Wo sind Chancen für neue Angebote, wo Schmerzgrenzen und Hindernisse des Technologieeinsatzes? Was müssen wir wissen, um Digitalisierung personennah zu gestalten? Mit ihren Förderprogrammen will die Politik Forschung und Entwicklung zu den Themen fördern, die uns alle [&hellip;]</p>
