{"id":549,"date":"2016-03-18T15:02:51","date_gmt":"2016-03-18T15:02:51","guid":{"rendered":"https:\/\/websites.fraunhofer.de\/indiger\/?page_id=549"},"modified":"2017-04-05T07:29:38","modified_gmt":"2017-04-05T07:29:38","slug":"tagung-innovationspotenziale-personennaher-dienstleistungen","status":"publish","type":"page","link":"https:\/\/indiger.net\/?page_id=549","title":{"rendered":"Tagung \u00bbInnovationspotenziale personennaher Dienstleistungen\u00ab"},"content":{"rendered":"<h2><a href=\"https:\/\/indiger.net\/?page_id=626\">Mit kollektiver Intelligenz Zukunft gestalten<\/a><\/h2>\n<p>Personennahe Dienstleistungen sind eines der zentralen Innovationsfelder der kommenden Jahre. Sie dienen als Mittler zwischen Technologie und Mensch, erm\u00f6glichen uns den schonenden \u00adUmgang mit nat\u00fcrlichen Ressourcen und helfen uns dabei, den \u00addemografischen Wandel zu gestalten. Doch wie viele und welche Leistungen sind sinnvoll, um uns den Alltag in Arbeit und Leben zu erleichtern? Was k\u00f6nnen wir uns leisten? Was macht neue personennahe Dienstleistungen als Angebot attraktiv, mit welchen Prozessen und Gesch\u00e4ftsmodellen werden sie wirtschaftlich \u00aderbracht und bleiben bezahlbar?<br \/>\nAm 28. und 29. April erlebten Experten aus Unternehmen, Verb\u00e4nden und der Forschungslandschaft eine Tagung der besonderen Art: Impulse aus Gesundheit, Handel, Logistik, Kreativwirtschaft und Tourismus. \u00dcber das Moderationstool <a href=\"http:\/\/www.nextpractice.de\/nextmoderator.html\" target=\"_blank\">\u00bbnextmoderator\u00ab<\/a>, das die Kreativit\u00e4t und Dynamik von Kleingruppen auf gro\u00dfe \u00adVeranstaltungen \u00fcbertr\u00e4gt, wurden in drei Runden eine Vielzahl von\u00a0Ideen gesammelt und bearbeitet. Alle Teilnehmer konnten gleichzeitig und strukturiert in einem lokal installierten Computernetzwerk gemeinsam Fragestellungen bearbeiten.<\/p>\n<h3>R\u00fcckblick zur Tagung<\/h3>\n<p><iframe loading=\"lazy\" src=\"https:\/\/www.youtube.com\/embed\/_onY966JjAc\" width=\"560\" height=\"315\" frameborder=\"0\" allowfullscreen=\"allowfullscreen\"><\/iframe><br \/>\nAuf der <a href=\"https:\/\/indiger.net\/?p=549\">Tagung <strong>\u00bbInnovationspotenziale personennaher Dienstleistungen\u00ab<\/strong><\/a> erarbeiteten die Teilnehmer gemeinsam mit vielen <a href=\"https:\/\/indiger.net\/?page_id=626\">innovativen K\u00f6pfen<\/a> intensiv an Ideen f\u00fcr neue Forschung- und Umsetzungsthemen. Der Film <a href=\"https:\/\/indiger.net\/?page_id=670\"><strong>\u00bbSmarter leben: innovative Dienstleistungen und digitale Technologien\u00ab<\/strong><\/a> fasst Aussagen von Expertinnen und Experten aus personennahen Branchen wie dem Gesundheitsbereich, Logistik und der Kreativwirtschaft zusammen und wurde auf der Tagung das erste Mal gezeigt.<\/p>\n<h3><a href=\"https:\/\/indiger.net\/?page_id=737\">Impressionen von der Tagung!<\/a><\/h3>\n<h3><a href=\"https:\/\/innosabi.com\/crowdsourcing-blog\/\" target=\"_blank\">Blog-Beitrag zur Tagung von der innosabi GmbH<\/a><\/h3>\n<p>Sie finden den Beitrag &#8220;weiter unten&#8221; auf der Seite von innosabi&#8230;<\/p>\n<h3><a href=\"https:\/\/indiger.net\/?event=tagung-innovationspotenziale-personennaher-dienstleistungen\">Veranstaltungsort<\/a><\/h3>\n<p>Umweltforum Auferstehungskirche<br \/>\nPufendorfstr. 11<br \/>\n10249 Berlin<\/p>\n<h3>Programm 28. April 2016<\/h3>\n<table border=\"0\">\n<tbody>\n<tr>\n<td valign=\"top\">14.00<\/td>\n<td>Zum Einstieg in die Thematik der Film: <a href=\"https:\/\/indiger.net\/?page_id=670\">\u00bbSmarter Leben: Innovative Dienstleistungen und digitale Technologien\u00ab<\/a><\/td>\n<\/tr>\n<tr>\n<td valign=\"top\">14.05<\/td>\n<td><strong>Begr\u00fc\u00dfung und Gesamtmoderation<\/strong><br \/>\n<a href=\"https:\/\/indiger.net\/?page_id=621\">Dr. Carl Naughton<\/a><\/td>\n<\/tr>\n<tr>\n<td valign=\"top\">14.15<\/td>\n<td><strong>Keynotes<\/strong>:<\/p>\n<ul>\n<li>Menschen machen Innovationen: gemeinsam, offen, digital<br \/>\n<a href=\"https:\/\/indiger.net\/?page_id=553\">Prof. Dr. Kathrin M. M\u00f6slein<\/a>, \u00adFriedrich-\u00adAlexander- \u00adUniversit\u00e4t Erlangen-N\u00fcrnberg &amp; HHL Leipzig \u00adGraduate School of Management<\/li>\n<li>Innovationen im Bereich personennaher Dienstleistungen durch Crowdsourced \u00adInnovation<br \/>\n<a href=\"https:\/\/indiger.net\/?page_id=558\">Antje von Loeper<\/a>, Business Development, innosabi GmbH, M\u00fcnchen<\/li>\n<\/ul>\n<\/td>\n<\/tr>\n<tr>\n<td valign=\"top\">15.30<\/td>\n<td>Kaffeepause<\/td>\n<\/tr>\n<tr>\n<td valign=\"top\">16.00<\/td>\n<td><strong>Nachgefragt<\/strong><br \/>\nPodiumsrunde mit G\u00e4sten aus Kultur- und \u00adKreativ\u00adwirtschaft, Tourismus, Gesundheit, Logistik, \u00adHandel und Einbindung des Plenums \u00fcber \u00ad\u00bbnextmoderator\u00ab<\/p>\n<ul>\n<li><a href=\"https:\/\/indiger.net\/?page_id=565\">Antje Hinz<\/a>, Silberfuchs-Verlag, Wissensverlag und \u00adMediendienstleister, Labor f\u00fcr gesellschaftliche Wertsch\u00f6pfung, Hamburg<\/li>\n<li><a href=\"https:\/\/indiger.net\/?page_id=571\">Stephan Krug<\/a>, Gesch\u00e4ftsf\u00fchrer, Vamos Eltern-Kind-Reisen, Hannover<\/li>\n<li><a href=\"https:\/\/indiger.net\/?page_id=577\">Prof. Dr. Thomas Meyer<\/a>, Charit\u00e9 Universit\u00e4tsmedizin, Berlin<\/li>\n<li><a href=\"https:\/\/indiger.net\/?page_id=582\">Michael Tillner<\/a>, \u00adGesch\u00e4ftsf\u00fchrer, Friedrich Zufall GmbH &amp; Co. KG, \u00adG\u00f6ttingen<\/li>\n<li><a href=\"https:\/\/indiger.net\/?page_id=586\">Stefan Tobel<\/a>, Head of Shop, ABOUT YOU GmbH, Hamburg<\/li>\n<\/ul>\n<\/td>\n<\/tr>\n<tr>\n<td valign=\"top\">17.30<\/td>\n<td>\u00bbnexmoderator\u00ab Session I<br \/>\n<strong>Herausforderungen sammeln<\/strong><br \/>\nIn einem vernetzten Brainstorming formulieren und gewichten die Teilnehmerinnen und Teil\u00adnehmer ihre Ideen zu zentralen Herausforderungen bei der innovativen Gestaltung personennaher Dienstleistungen. Inspiriert und angeleitet von Tilman Warnke, nextpractice GmbH, Bremen<\/td>\n<\/tr>\n<tr>\n<td valign=\"top\">18.30<\/td>\n<td>Ausklang erster Tag mit Imbiss<\/td>\n<\/tr>\n<\/tbody>\n<\/table>\n<h3>Programm 29. April 2016<\/h3>\n<p>Moderation: <strong><a href=\"https:\/\/indiger.net\/?page_id=621\">Dr. Carl Naughton<\/a><\/strong><\/p>\n<table border=\"0\">\n<tbody>\n<tr>\n<td valign=\"top\">9.00<\/td>\n<td>\u00bbnexmoderator\u00ab Session II<br \/>\n<strong>Innovationspotenziale identifizieren<\/strong><br \/>\nDer Moderator stellt die \u00bb\u00fcber Nacht\u00ab zu Themen\u00adclustern verdichteten Herausforderungen vor. Die Teilnehmerinnen und Teilnehmer beschreiben in Gro\u00df\u00ad- und Kleingruppenarbeit im Netzwerk Themenfelder und Handlungsbedarfe zu den Clustern.<\/td>\n<\/tr>\n<tr>\n<td valign=\"top\">10.30<\/td>\n<td>Kaffeepause<\/td>\n<\/tr>\n<tr>\n<td valign=\"top\">11.00<\/td>\n<td>\u00bbnexmoderator\u00ab Session III<br \/>\n<strong>Innovationspotenziale entfalten<\/strong><br \/>\nDie Teilnehmerinnen und Teilnehmer priorisieren die entstandenen Ergebnisse und ordnen sich pers\u00f6nlich gew\u00fcnschten Schwerpunkten zu. Die Kleingruppen er\u00f6rtern konkrete L\u00f6sungswege und formulieren Handlungsempfehlungen f\u00fcr Entwicklung und Forschung. In iterativen Bear\u00adbeitungsschleifen reflektieren die Gruppen die Handlungsempfehlungen und bewerten diese abschlie\u00dfend in der Gro\u00dfgruppe.<\/td>\n<\/tr>\n<tr>\n<td valign=\"top\">13.00<\/td>\n<td><strong>Vorstellung der Ergebnisse<\/strong><\/td>\n<\/tr>\n<tr>\n<td valign=\"top\">13.15<\/td>\n<td><strong>Schlusswort<\/strong><br \/>\nDr. Otto <strong>Bode<\/strong>, Leiter des Referats \u00bbForschung f\u00fcr Produktion, Dienst\u00adleistung und Arbeit\u00ab im BMBF<\/td>\n<\/tr>\n<tr>\n<td>13.30<\/td>\n<td>Ausklang mit Imbiss<\/td>\n<\/tr>\n<\/tbody>\n<\/table>\n","protected":false},"excerpt":{"rendered":"<p>Mit kollektiver Intelligenz Zukunft gestalten Personennahe Dienstleistungen sind eines der zentralen Innovationsfelder der kommenden Jahre. Sie dienen als Mittler zwischen Technologie und Mensch, erm\u00f6glichen uns den schonenden \u00adUmgang mit nat\u00fcrlichen Ressourcen und helfen uns dabei, den \u00addemografischen Wandel zu gestalten. Doch wie viele und welche Leistungen sind sinnvoll, um uns den Alltag in Arbeit und [&hellip;]<\/p>\n","protected":false},"author":1,"featured_media":0,"parent":406,"menu_order":0,"comment_status":"closed","ping_status":"closed","template":"","meta":{"ngg_post_thumbnail":0,"footnotes":""},"class_list":["post-549","page","type-page","status-publish"],"_links":{"self":[{"href":"https:\/\/indiger.net\/index.php?rest_route=\/wp\/v2\/pages\/549"}],"collection":[{"href":"https:\/\/indiger.net\/index.php?rest_route=\/wp\/v2\/pages"}],"about":[{"href":"https:\/\/indiger.net\/index.php?rest_route=\/wp\/v2\/types\/page"}],"author":[{"embeddable":true,"href":"https:\/\/indiger.net\/index.php?rest_route=\/wp\/v2\/users\/1"}],"replies":[{"embeddable":true,"href":"https:\/\/indiger.net\/index.php?rest_route=%2Fwp%2Fv2%2Fcomments&post=549"}],"version-history":[{"count":42,"href":"https:\/\/indiger.net\/index.php?rest_route=\/wp\/v2\/pages\/549\/revisions"}],"predecessor-version":[{"id":966,"href":"https:\/\/indiger.net\/index.php?rest_route=\/wp\/v2\/pages\/549\/revisions\/966"}],"up":[{"embeddable":true,"href":"https:\/\/indiger.net\/index.php?rest_route=\/wp\/v2\/pages\/406"}],"wp:attachment":[{"href":"https:\/\/indiger.net\/index.php?rest_route=%2Fwp%2Fv2%2Fmedia&parent=549"}],"curies":[{"name":"wp","href":"https:\/\/api.w.org\/{rel}","templated":true}]}}

<h2><a href="https://indiger.net/?page_id=626">Mit kollektiver Intelligenz Zukunft gestalten</a></h2>
<p>Personennahe Dienstleistungen sind eines der zentralen Innovationsfelder der kommenden Jahre. Sie dienen als Mittler zwischen Technologie und Mensch, ermöglichen uns den schonenden ­Umgang mit natürlichen Ressourcen und helfen uns dabei, den ­demografischen Wandel zu gestalten. Doch wie viele und welche Leistungen sind sinnvoll, um uns den Alltag in Arbeit und Leben zu erleichtern? Was können wir uns leisten? Was macht neue personennahe Dienstleistungen als Angebot attraktiv, mit welchen Prozessen und Geschäftsmodellen werden sie wirtschaftlich ­erbracht und bleiben bezahlbar?<br />
Am 28. und 29. April erlebten Experten aus Unternehmen, Verbänden und der Forschungslandschaft eine Tagung der besonderen Art: Impulse aus Gesundheit, Handel, Logistik, Kreativwirtschaft und Tourismus. Über das Moderationstool <a href="http://www.nextpractice.de/nextmoderator.html" target="_blank">»nextmoderator«</a>, das die Kreativität und Dynamik von Kleingruppen auf große ­Veranstaltungen überträgt, wurden in drei Runden eine Vielzahl von Ideen gesammelt und bearbeitet. Alle Teilnehmer konnten gleichzeitig und strukturiert in einem lokal installierten Computernetzwerk gemeinsam Fragestellungen bearbeiten.</p>
<h3>Rückblick zur Tagung</h3>
<p><iframe loading="lazy" src="https://www.youtube.com/embed/_onY966JjAc" width="560" height="315" frameborder="0" allowfullscreen="allowfullscreen"></iframe><br />
Auf der <a href="https://indiger.net/?p=549">Tagung <strong>»Innovationspotenziale personennaher Dienstleistungen«</strong></a> erarbeiteten die Teilnehmer gemeinsam mit vielen <a href="https://indiger.net/?page_id=626">innovativen Köpfen</a> intensiv an Ideen für neue Forschung- und Umsetzungsthemen. Der Film <a href="https://indiger.net/?page_id=670"><strong>»Smarter leben: innovative Dienstleistungen und digitale Technologien«</strong></a> fasst Aussagen von Expertinnen und Experten aus personennahen Branchen wie dem Gesundheitsbereich, Logistik und der Kreativwirtschaft zusammen und wurde auf der Tagung das erste Mal gezeigt.</p>
<h3><a href="https://indiger.net/?page_id=737">Impressionen von der Tagung!</a></h3>
<h3><a href="https://innosabi.com/crowdsourcing-blog/" target="_blank">Blog-Beitrag zur Tagung von der innosabi GmbH</a></h3>
<p>Sie finden den Beitrag &#8220;weiter unten&#8221; auf der Seite von innosabi&#8230;</p>
<h3><a href="https://indiger.net/?event=tagung-innovationspotenziale-personennaher-dienstleistungen">Veranstaltungsort</a></h3>
<p>Umweltforum Auferstehungskirche<br />
Pufendorfstr. 11<br />
10249 Berlin</p>
<h3>Programm 28. April 2016</h3>
<table border="0">
<tbody>
<tr>
<td valign="top">14.00</td>
<td>Zum Einstieg in die Thematik der Film: <a href="https://indiger.net/?page_id=670">»Smarter Leben: Innovative Dienstleistungen und digitale Technologien«</a></td>
</tr>
<tr>
<td valign="top">14.05</td>
<td><strong>Begrüßung und Gesamtmoderation</strong><br />
<a href="https://indiger.net/?page_id=621">Dr. Carl Naughton</a></td>
</tr>
<tr>
<td valign="top">14.15</td>
<td><strong>Keynotes</strong>:</p>
<ul>
<li>Menschen machen Innovationen: gemeinsam, offen, digital<br />
<a href="https://indiger.net/?page_id=553">Prof. Dr. Kathrin M. Möslein</a>, ­Friedrich-­Alexander- ­Universität Erlangen-Nürnberg &amp; HHL Leipzig ­Graduate School of Management</li>
<li>Innovationen im Bereich personennaher Dienstleistungen durch Crowdsourced ­Innovation<br />
<a href="https://indiger.net/?page_id=558">Antje von Loeper</a>, Business Development, innosabi GmbH, München</li>
</ul>
</td>
</tr>
<tr>
<td valign="top">15.30</td>
<td>Kaffeepause</td>
</tr>
<tr>
<td valign="top">16.00</td>
<td><strong>Nachgefragt</strong><br />
Podiumsrunde mit Gästen aus Kultur- und ­Kreativ­wirtschaft, Tourismus, Gesundheit, Logistik, ­Handel und Einbindung des Plenums über ­»nextmoderator«</p>
<ul>
<li><a href="https://indiger.net/?page_id=565">Antje Hinz</a>, Silberfuchs-Verlag, Wissensverlag und ­Mediendienstleister, Labor für gesellschaftliche Wertschöpfung, Hamburg</li>
<li><a href="https://indiger.net/?page_id=571">Stephan Krug</a>, Geschäftsführer, Vamos Eltern-Kind-Reisen, Hannover</li>
<li><a href="https://indiger.net/?page_id=577">Prof. Dr. Thomas Meyer</a>, Charité Universitätsmedizin, Berlin</li>
<li><a href="https://indiger.net/?page_id=582">Michael Tillner</a>, ­Geschäftsführer, Friedrich Zufall GmbH &amp; Co. KG, ­Göttingen</li>
<li><a href="https://indiger.net/?page_id=586">Stefan Tobel</a>, Head of Shop, ABOUT YOU GmbH, Hamburg</li>
</ul>
</td>
</tr>
<tr>
<td valign="top">17.30</td>
<td>»nexmoderator« Session I<br />
<strong>Herausforderungen sammeln</strong><br />
In einem vernetzten Brainstorming formulieren und gewichten die Teilnehmerinnen und Teil­nehmer ihre Ideen zu zentralen Herausforderungen bei der innovativen Gestaltung personennaher Dienstleistungen. Inspiriert und angeleitet von Tilman Warnke, nextpractice GmbH, Bremen</td>
</tr>
<tr>
<td valign="top">18.30</td>
<td>Ausklang erster Tag mit Imbiss</td>
</tr>
</tbody>
</table>
<h3>Programm 29. April 2016</h3>
<p>Moderation: <strong><a href="https://indiger.net/?page_id=621">Dr. Carl Naughton</a></strong></p>
<table border="0">
<tbody>
<tr>
<td valign="top">9.00</td>
<td>»nexmoderator« Session II<br />
<strong>Innovationspotenziale identifizieren</strong><br />
Der Moderator stellt die »über Nacht« zu Themen­clustern verdichteten Herausforderungen vor. Die Teilnehmerinnen und Teilnehmer beschreiben in Groß­- und Kleingruppenarbeit im Netzwerk Themenfelder und Handlungsbedarfe zu den Clustern.</td>
</tr>
<tr>
<td valign="top">10.30</td>
<td>Kaffeepause</td>
</tr>
<tr>
<td valign="top">11.00</td>
<td>»nexmoderator« Session III<br />
<strong>Innovationspotenziale entfalten</strong><br />
Die Teilnehmerinnen und Teilnehmer priorisieren die entstandenen Ergebnisse und ordnen sich persönlich gewünschten Schwerpunkten zu. Die Kleingruppen erörtern konkrete Lösungswege und formulieren Handlungsempfehlungen für Entwicklung und Forschung. In iterativen Bear­beitungsschleifen reflektieren die Gruppen die Handlungsempfehlungen und bewerten diese abschließend in der Großgruppe.</td>
</tr>
<tr>
<td valign="top">13.00</td>
<td><strong>Vorstellung der Ergebnisse</strong></td>
</tr>
<tr>
<td valign="top">13.15</td>
<td><strong>Schlusswort</strong><br />
Dr. Otto <strong>Bode</strong>, Leiter des Referats »Forschung für Produktion, Dienst­leistung und Arbeit« im BMBF</td>
</tr>
<tr>
<td>13.30</td>
<td>Ausklang mit Imbiss</td>
</tr>
</tbody>
</table>

<p>Mit kollektiver Intelligenz Zukunft gestalten Personennahe Dienstleistungen sind eines der zentralen Innovationsfelder der kommenden Jahre. Sie dienen als Mittler zwischen Technologie und Mensch, ermöglichen uns den schonenden ­Umgang mit natürlichen Ressourcen und helfen uns dabei, den ­demografischen Wandel zu gestalten. Doch wie viele und welche Leistungen sind sinnvoll, um uns den Alltag in Arbeit und [&hellip;]</p>
