{"id":52,"date":"2014-11-28T16:17:53","date_gmt":"2014-11-28T16:17:53","guid":{"rendered":"https:\/\/websites.fraunhofer.de\/indiger\/?page_id=52"},"modified":"2018-11-21T18:42:23","modified_gmt":"2018-11-21T18:42:23","slug":"uke-hamburg","status":"publish","type":"page","link":"https:\/\/indiger.net\/?page_id=52","title":{"rendered":"UKE Hamburg"},"content":{"rendered":"<h3>Entwicklung von gesundheitsbezogenen Evaluationsans\u00e4tzen f\u00fcr Netzwerke<\/h3>\n<p>Das Institut und Poliklinik f\u00fcr Allgemeinmedizin des Universit\u00e4tsklinikums Hamburg-Eppendorf fokussierte im INDiGeR Arbeitspaket \u00bbsummative Evaluation\u00ab darauf, regionalen Netzwerken eine Hilfestellung f\u00fcr die Planung und Evaluation konkreter Gesundheitsziele von Ma\u00dfnahmen anzubieten. Hintergrund dieser Zielsetzung ist, dass h\u00e4ufig die \u00fcbergeordneten Zielsetzungen bereits in der Entwicklungsphase von Netzwerken vorliegen, wohingegen die Festlegung von konkreten gesundheitsbezogenen Zielsetzungen f\u00fcr die einzelnen Angebote oft erst im Nachhinein erfolgt. Dies kann wiederum einen Effektivit\u00e4tsnachweis erschweren. Ein weiteres Ziel des Arbeitspakets war die Entwicklung und Testung eines Konzepts zur strukturierten Messung der Akzeptanz der Bev\u00f6lkerung von gesundheitsorientierten Projektzielen und den damit verbundenen Ma\u00dfnahmen. Eine im experimentellen Setting nachgewiesen wirksame Ma\u00dfnahme kann in der Versorgung nur dann tats\u00e4chlich wirksam sein, wenn sie auch auf Akzeptanz und Zustimmung der Zielgruppe st\u00f6\u00dft.<\/p>\n<h3>Brosch\u00fcre<\/h3>\n<p><a href=\"https:\/\/indiger.net\/wp-content\/uploads\/2018\/09\/INDiGeR_Netzwerk-UKE180814web.pdf\" target=\"_blank\" rel=\"noopener\"><img loading=\"lazy\" decoding=\"async\" class=\"alignnone size-full wp-image-1406\" src=\"https:\/\/indiger.net\/wp-content\/uploads\/2018\/11\/UKE-BR_300.png\" alt=\"\" width=\"211\" height=\"300\"><\/a><br \/>\nIm Rahmen des Arbeitspaketes zur summativen Evaluation ist die Brosch\u00fcre <a href=\"https:\/\/indiger.net\/wp-content\/uploads\/2018\/09\/INDiGeR_Netzwerk-UKE180814web.pdf\" target=\"_blank\" rel=\"noopener\">\u00bbGesundheitsziele verorten, formulieren und messbar machen: Manual zur INDiGeR-Onlinehilfe\u00ab<\/a> von Ingmar Sch\u00e4fer, Anne Stark, Alexander Schletz, Dagmar Lehmann und Martin Scherer entstanden. Die dort beschriebene online-Hilfe ist unter <a href=\"http:\/\/s.fhg.de\/icf-tool\" target=\"_blank\" rel=\"noopener\">http:\/\/s.fhg.de\/icf-tool<\/a> frei verf\u00fcgbar.<\/p>\n<h3>Kontakt<\/h3>\n<p><img loading=\"lazy\" decoding=\"async\" class=\"alignnone size-full wp-image-1322\" src=\"https:\/\/indiger.net\/wp-content\/uploads\/2018\/09\/UKE-Dachmarke-Hamburg-IPA-300.jpg\" alt=\"\" width=\"300\" height=\"111\"><\/p>\n<p>Prof. Dr. Martin Scherer<br \/>\nInstitut f\u00fcr Allgemeinmedizin des Universit\u00e4tsklinikums Hamburg-Eppendorf<\/p>\n<p><a href=\"mailto:m.scherer@uke.de\">m.scherer@uke.de<\/a><\/p>\n","protected":false},"excerpt":{"rendered":"<p>Entwicklung von gesundheitsbezogenen Evaluationsans\u00e4tzen f\u00fcr Netzwerke Das Institut und Poliklinik f\u00fcr Allgemeinmedizin des Universit\u00e4tsklinikums Hamburg-Eppendorf fokussierte im INDiGeR Arbeitspaket \u00bbsummative Evaluation\u00ab darauf, regionalen Netzwerken eine Hilfestellung f\u00fcr die Planung und Evaluation konkreter Gesundheitsziele von Ma\u00dfnahmen anzubieten. Hintergrund dieser Zielsetzung ist, dass h\u00e4ufig die \u00fcbergeordneten Zielsetzungen bereits in der Entwicklungsphase von Netzwerken vorliegen, wohingegen die Festlegung [&hellip;]<\/p>\n","protected":false},"author":1,"featured_media":0,"parent":18,"menu_order":0,"comment_status":"closed","ping_status":"closed","template":"","meta":{"ngg_post_thumbnail":0,"footnotes":""},"class_list":["post-52","page","type-page","status-publish"],"_links":{"self":[{"href":"https:\/\/indiger.net\/index.php?rest_route=\/wp\/v2\/pages\/52"}],"collection":[{"href":"https:\/\/indiger.net\/index.php?rest_route=\/wp\/v2\/pages"}],"about":[{"href":"https:\/\/indiger.net\/index.php?rest_route=\/wp\/v2\/types\/page"}],"author":[{"embeddable":true,"href":"https:\/\/indiger.net\/index.php?rest_route=\/wp\/v2\/users\/1"}],"replies":[{"embeddable":true,"href":"https:\/\/indiger.net\/index.php?rest_route=%2Fwp%2Fv2%2Fcomments&post=52"}],"version-history":[{"count":13,"href":"https:\/\/indiger.net\/index.php?rest_route=\/wp\/v2\/pages\/52\/revisions"}],"predecessor-version":[{"id":1409,"href":"https:\/\/indiger.net\/index.php?rest_route=\/wp\/v2\/pages\/52\/revisions\/1409"}],"up":[{"embeddable":true,"href":"https:\/\/indiger.net\/index.php?rest_route=\/wp\/v2\/pages\/18"}],"wp:attachment":[{"href":"https:\/\/indiger.net\/index.php?rest_route=%2Fwp%2Fv2%2Fmedia&parent=52"}],"curies":[{"name":"wp","href":"https:\/\/api.w.org\/{rel}","templated":true}]}}