{"id":1027,"date":"2017-07-13T15:43:51","date_gmt":"2017-07-13T15:43:51","guid":{"rendered":"https:\/\/websites.fraunhofer.de\/indiger\/?page_id=1027"},"modified":"2022-09-09T09:19:20","modified_gmt":"2022-09-09T09:19:20","slug":"geschaeftsmodell-tool","status":"publish","type":"page","link":"https:\/\/indiger.net\/?page_id=1027","title":{"rendered":"Online-Hilfe zur Gesch\u00e4ftsmodell-Entwicklung"},"content":{"rendered":"<p>Sie planen ein Netzwerk aufzubauen? Sie suchen ein passendes Gesch\u00e4ftsmodell f\u00fcr Ihr entstehendes Netzwerk? Die Begleitforschung INDiGeR hat ein umfassendes Konzept zur Gesch\u00e4ftsmodell-Entwicklung f\u00fcr Netzwerke entwickelt. Es basiert auf den den Dimensionen:<\/p>\n<ul>\n<li>Leistungsversprechen<\/li>\n<li>Wertsch\u00f6pfung<\/li>\n<li>Finanzen<\/li>\n<li>Rahmenbedingungen<\/li>\n<\/ul>\n<p>Dabei richtet dieses Gesch\u00e4ftsmodell-Konzept f\u00fcr die spezifischen Belange von Netzwerken zum einen systematisch den Blick auf die externe Perspektive Ihrer Kunden und Anspruchsgruppen und beh\u00e4lt stets auch die interne Perspektive der Netzwerkmitglieder im Auge. Unsere <a href=\"http:\/\/www.infografik.indiger.net\/dienstleistungsziele\/index.html\">interaktive Erkl\u00e4rgrafik<\/a> verschafft Ihnen einen Einstieg in dieses Modell.<br \/>\nSie wollen Ihre Ideen f\u00fcr ein Gesch\u00e4ftsmodell weiterentwickeln und konkreter werden lassen? Dann unterst\u00fctzen wir Sie durch gezielte Fragen und weitere Denkanst\u00f6\u00dfe mit unserem Tool zur Gesch\u00e4ftsmodell-Entwicklung. Dieses Tool leitet Sie durch Fragen zu Ihren \u00dcberlegungen bei der Entwicklung Ihres Netzwerkes. Sie profitieren von systematischen Blick auf alle wichtigen Elemente und erhalten, wenn Sie alle Fragen beantworten, die \u00dcbersicht Ihrer eigenen Einsch\u00e4tzungen als Sofort-Feedback. Wenn Sie dieses Tool f\u00fcr ein entstehendes Netzwerk nutzen m\u00f6chten, k\u00f6nnen Sie und Ihre Netzwerkpartner einzeln antworten und Ihre jeweiligen Sichten zusammen nebeneinander legen.<br \/>\nUm das Tool nutzen zu k\u00f6nnen, m\u00fcssen Sie sich mit einigen Angaben anmelden. Alle eingegebenen Daten werden verschl\u00fcsselt \u00fcbertragen, auf sicheren Servern am Fraunhofer IAO gespeichert und vollst\u00e4ndig vertraulich behandelt.<\/p>\n<p>ngg_shortcode_0_placeholder<a href=\"https:\/\/www.bmcc.iao.fraunhofer.de\/index.php\/552224?lang=de\" target=\"_blank\" rel=\"noopener\">Zum INDiGeR-Gesch\u00e4ftsmodell-Tool<\/a><br \/>\nWenn Sie weiteren Beratungsbedarf bei der Entwicklung Ihres Gesch\u00e4ftsmodells haben, k\u00f6nnen wir Sie innerhalb der Laufzeit von INDiGeR durch die Moderation von Workshops unterst\u00fctzen. F\u00fcr die Moderation setzen wir ebenfalls innovative Tools ein, mit denen unsere Berater schneller als in herk\u00f6mmlichen Workshops zu Vorschl\u00e4gen f\u00fcr konkrete Gesch\u00e4ftsmodelle gelangen. So sparen Zeit und erhalten z\u00fcgig fundierten Input f\u00fcr das Ihrem Netzwerk angemessene Gesch\u00e4ftsmodell.<br \/>\nEine <a href=\"https:\/\/indiger.net\/wp-content\/uploads\/2018\/04\/INDiGeR-GM-Tools_IAO.pdf\">Brosch\u00fcre<\/a> zeigt das INDiGeR-Vorgehen zur Gesch\u00e4ftsmodellentwicklung ausf\u00fchrlich.<br \/>\n<a href=\"https:\/\/indiger.net\/wp-content\/uploads\/2018\/04\/INDiGeR-GM-Tools_IAO.pdf\"><img loading=\"lazy\" decoding=\"async\" class=\"alignnone size-medium wp-image-1168\" src=\"https:\/\/indiger.net\/wp-content\/uploads\/2018\/04\/BR-GM-Tools.png\" alt=\"\" width=\"213\" height=\"300\"><\/a><br \/>\nSchreiben Sie uns unter <a href=\"mailto:indiger-hub@websites.fraunhofer.de\">indiger-hub@websites.fraunhofer.de<\/a>.<\/p>\n","protected":false},"excerpt":{"rendered":"<p>Sie planen ein Netzwerk aufzubauen? Sie suchen ein passendes Gesch\u00e4ftsmodell f\u00fcr Ihr entstehendes Netzwerk? Die Begleitforschung INDiGeR hat ein umfassendes Konzept zur Gesch\u00e4ftsmodell-Entwicklung f\u00fcr Netzwerke entwickelt. Es basiert auf den den Dimensionen: Leistungsversprechen Wertsch\u00f6pfung Finanzen Rahmenbedingungen Dabei richtet dieses Gesch\u00e4ftsmodell-Konzept f\u00fcr die spezifischen Belange von Netzwerken zum einen systematisch den Blick auf die externe Perspektive [&hellip;]<\/p>\n","protected":false},"author":1,"featured_media":1021,"parent":0,"menu_order":0,"comment_status":"closed","ping_status":"closed","template":"","meta":{"ngg_post_thumbnail":0,"footnotes":""},"class_list":["post-1027","page","type-page","status-publish","has-post-thumbnail"],"_links":{"self":[{"href":"https:\/\/indiger.net\/index.php?rest_route=\/wp\/v2\/pages\/1027"}],"collection":[{"href":"https:\/\/indiger.net\/index.php?rest_route=\/wp\/v2\/pages"}],"about":[{"href":"https:\/\/indiger.net\/index.php?rest_route=\/wp\/v2\/types\/page"}],"author":[{"embeddable":true,"href":"https:\/\/indiger.net\/index.php?rest_route=\/wp\/v2\/users\/1"}],"replies":[{"embeddable":true,"href":"https:\/\/indiger.net\/index.php?rest_route=%2Fwp%2Fv2%2Fcomments&post=1027"}],"version-history":[{"count":14,"href":"https:\/\/indiger.net\/index.php?rest_route=\/wp\/v2\/pages\/1027\/revisions"}],"predecessor-version":[{"id":3590,"href":"https:\/\/indiger.net\/index.php?rest_route=\/wp\/v2\/pages\/1027\/revisions\/3590"}],"wp:featuredmedia":[{"embeddable":true,"href":"https:\/\/indiger.net\/index.php?rest_route=\/wp\/v2\/media\/1021"}],"wp:attachment":[{"href":"https:\/\/indiger.net\/index.php?rest_route=%2Fwp%2Fv2%2Fmedia&parent=1027"}],"curies":[{"name":"wp","href":"https:\/\/api.w.org\/{rel}","templated":true}]}}